t d(x) = 5*f(x) + n(x). List the prime factors of d(-6).
7
Let c = -58 - -293. What are the prime factors of c?
5, 47
Suppose -3*u - j + 2 = 0, 4*u = -5*j - 2 + 12. Let m be ((u + 0)/1)/(-1). Suppose -21 = -4*z + 3*f, 8*z - 3*z + 5*f = m. List the prime factors of z.
3
Let w = -6 - -10. Suppose 0 = -w*c - 4*q - q + 58, -5*c + 5*q + 50 = 0. What are the prime factors of c?
2, 3
Suppose 109 + 256 = w. List the prime factors of w.
5, 73
Suppose -4*i - 2*v + 100 = 0, -3*v - 34 = 6*i - 8*i. What are the prime factors of i?
23
Let l(d) = -d**3 + 5*d**2 + 4*d + 7. What are the prime factors of l(5)?
3
Suppose -4*q = 12, 0 = -2*l + 4*l + 3*q - 9. List the prime factors of l.
3
Let u be -1*6*2/6. Let n(w) = 6*w**2 + w + 3. List the prime factors of n(u).
5
Let h(y) = -23*y + 2. Let j be h(-3). Suppose n - 3*n = -5*o + j, o - 5*n - 5 = 0. List the prime factors of o.
3, 5
Suppose 0 = -5*m - 3*h + 73, 0 = 5*m + 5*h - 22 - 53. What are the prime factors of 21/49 - (-120)/m?
3
Suppose -4*p + 4 = -5*r - 4, -p + 3*r + 2 = 0. Suppose -8 = j - 5*q, 4*j + 5*q = p*j + 44. What are the prime factors of j?
2, 3
Let y = -20 + 9. Let m = 22 + y. List the prime factors of m.
11
Suppose 0 = 3*y + 4*v + 71, 0*y + 76 = -4*y + 4*v. Suppose -4*l + 120 = 4*q - 0*q, -3*l + 5*q + 122 = 0. Let b = y + l. List the prime factors of b.
13
Suppose -6*r - 250 = -11*r. What are the prime factors of r?
2, 5
Let o(v) = -35*v + 13. List the prime factors of o(-9).
2, 41
What are the prime factors of 61318/465 - 4/(-30)?
2, 3, 11
Let i(r) = -r - 5. Let w be i(-4). Let g be (1 + (-3 - w))*-6. Let y = -2 + g. List the prime factors of y.
2
Let x(m) be the second derivative of -m**3/6 + 5*m**2 - 2*m. What are the prime factors of x(-8)?
2, 3
Suppose 2*p + p - 12 = -3*x, -4*x = 8. List the prime factors of p.
2, 3
Let n be 1*-1 - 157/(-1). List the prime factors of (4/(-6))/((-8)/n).
13
Suppose 4*j - 8 = -0*j. Suppose 2*h = -j*d, -3*h - 10 = -d + 2. Suppose -4*z - n + 49 = 0, 3*z - d*n = -2*n + 35. List the prime factors of z.
2, 3
Let l(j) = -j**2 - 10*j - 10. Let n be l(-7). Suppose -5*g = -4*p - 92, 3*p - 2 = -n. What are the prime factors of g?
2
Suppose s - 1078 = -10*s. List the prime factors of s.
2, 7
List the prime factors of (-60)/(-16) + -2 - (-1)/4.
2
Suppose 0 = -3*l - 24. Let f = -27 - -45. Let v = l + f. List the prime factors of v.
2, 5
Let t = -5353 + 9905. Suppose -4*i - i + 3*j = 4566, 0 = 5*i + 4*j + t. What are the prime factors of i/(-40) + 2/10?
23
Let l(f) = f**2 + 2*f + 2. Let d be l(-2). Suppose -r - 6 = -q, 0*r = -d*r - 6. What are the prime factors of 2*q + 7/(-7)?
5
Let b = -4 - -6. Suppose 7*x = b*x + 10. Suppose y + 1 = x*n, 5*y - 4*n + 7 - 26 = 0. List the prime factors of y.
7
Let t(i) be the first derivative of -i**4/4 - 4*i**3/3 + 3*i**2/2 - 3*i + 3. List the prime factors of t(-5).
7
Suppose -f - f = 44. Let d = -14 - f. What are the prime factors of d?
2
Suppose -2*g + a - 29 = -6*g, 0 = -3*g - 3*a + 33. Let b(s) = s**2 - 6*s + 2. Let x be b(g). Suppose -1 + 21 = x*l. What are the prime factors of l?
2, 5
Let n(y) = 95*y**2 + y + 1. List the prime factors of n(1).
97
Suppose -186 + 58 = -4*c. Suppose 5*m - 34 = -4*f, 0 = 2*f - 7*m + 2*m - c. List the prime factors of f.
11
Suppose 5*a - 1 = -2*x, 3*x - 2*a + 9 = a. Let c be (-8)/(-52) + 96/52. What are the prime factors of 6/c + x/(-1)?
5
Let a(m) = 2*m**2 - 4*m - 1. Let w be a(3). Suppose 2*f + 1 = -2*n - 3*n, -w*f = -5*n - 50. Let h = f - -5. What are the prime factors of h?
2, 3
Let s(a) = 4*a. What are the prime factors of s(1)?
2
Suppose -4*v = 4, -2*g + 5*v + 19 = 4. Suppose 18 = g*m - 2. What are the prime factors of m?
2
Suppose 2*i = 7*i - 160. What are the prime factors of i?
2
Let r be (-12)/15*85/2. List the prime factors of r*1*(-4)/8.
17
Let j = 8 - 6. Suppose 0 = j*a - 0*n + n - 24, -3*n + 46 = 4*a. What are the prime factors of a?
13
Let g = -232 + 152. List the prime factors of ((-12)/(-30))/((-2)/g).
2
Suppose -g = -14 + 2. List the prime factors of g.
2, 3
Suppose -6*q - 116 = -4*g - q, -2*g + 36 = 3*q. What are the prime factors of g?
2, 3
Let g(l) = -4*l**3 + 3*l**2 - 3*l + 3. Let p be g(2). List the prime factors of (-2 - -5)/1 - p.
2, 13
Let f = 137 - 81. List the prime factors of f.
2, 7
Let g(t) = -3*t + 8. Let n be g(-7). Let k = 48 - n. What are the prime factors of k?
19
Suppose 2*q + 5 - 11 = 0. Suppose 2 - 18 = -5*k - 2*z, -q*k + z + 14 = 0. Suppose -k*w - 5*d = w, d - 12 = -5*w. List the prime factors of w.
3
Let a be 3/6*12/3. Suppose 2*u = 5*s + 27, -2*u - a*s = 3*u + 5. Suppose -b + u = 3, 5*b = 4*v - 66. List the prime factors of v.
2, 7
Let k = 24 - 19. What are the prime factors of k?
5
Suppose -3*f + 48 = -0*f. Suppose -f - 28 = -4*b. List the prime factors of b.
11
Suppose m = -m + 6. Suppose -4 - 10 = -3*q - 2*z, 0 = m*q - 3*z - 9. List the prime factors of q.
2
Suppose -188 = -9*u + 631. List the prime factors of u.
7, 13
List the prime factors of 8/10*15/2.
2, 3
Suppose -4*s + 180 = 4*p, 3*p + 4*s - 130 = 2*s. Suppose 4*k = 2*k + p. What are the prime factors of k?
2, 5
Let s be 4/(-26) - 350/91. Let y = s + 9. Suppose y = 3*p - 22. What are the prime factors of p?
3
Suppose -144 + 450 = 3*f. What are the prime factors of f?
2, 3, 17
Let h be 10*(-5)/((-50)/(-12)). Let w = h - -18. List the prime factors of w.
2, 3
List the prime factors of 16 + (-1)/(-2 + 1).
17
Suppose -5*z = -2*w + 5*w - 21, 1 = -w + z. What are the prime factors of w?
2
Let n(u) = u**3 - u - 1. Let q be n(0). Let b be 13*q/(-1) - -1. What are the prime factors of -16*(b/(-8) + 1)?
2, 3
Let c = 7 - 3. Let m = c + 1. What are the prime factors of m?
5
Let s(i) = -i**3 - 6*i**2 - 9*i - 15. List the prime factors of s(-6).
3, 13
Suppose v - 177 + 19 = 0. Let t be v/8 - 5/(-20). Suppose -5*b + t = -b. What are the prime factors of b?
5
Suppose -o - 2*l = -35, -5*o + 140 = l + 2*l. Suppose -2*m + z = -o, 5*m - 1 = 3*z + 62. List the prime factors of m.
2, 3
Suppose 40 = -n + 11*n. What are the prime factors of n?
2
Let t(u) = -u**3 + 5*u**2 - 2*u - 4. Let h be t(4). Let b(w) = -w + 6. List the prime factors of b(h).
2
What are the prime factors of (-80)/(-13) - 28/182?
2, 3
Let t = 4 - -4. What are the prime factors of t?
2
Suppose 3*n - 4 = -n. List the prime factors of (-216)/(-16)*2/n.
3
Suppose 2*t = 0, 5*z + 5*t - 64 = z. Let g = 29 - z. What are the prime factors of g?
13
Let k(i) be the second derivative of 13*i**3/6 + 3*i**2 + 4*i. Let b(f) = 285*f + 133. Let y(z) = 6*b(z) - 133*k(z). List the prime factors of y(-1).
19
Let d(t) be the first derivative of -t**3/3 - 3*t**2/2 + t + 2. Let f be d(2). What are the prime factors of 0 - f/((-2)/(-2))?
3
Suppose 187 = 2*k + 5*n, n = 9*k - 4*k - 481. Suppose -4*m = 2*b - k, -4 = -b - 0. What are the prime factors of m?
2, 11
Suppose -3*b = -u + 9, 0*u - 5*u = -b - 3. Let p = b - -19. What are the prime factors of p?
2
Suppose -f - 5*g + 15 + 10 = 0, 5*f - 41 = -4*g. Suppose -2*t - 2 = 4*c - 22, -3*c + f*t + 41 = 0. Let k(u) = 3*u - 9. What are the prime factors of k(c)?
2, 3
Suppose -r = 2*k - 16, -k - 4*r = -23 + 1. Let t = k - 1. List the prime factors of t.
5
List the prime factors of (-2)/(((-5)/8)/5).
2
Let u = -1 - 3. Suppose 3*w = 2*g - 12, -5*g - 2*w + 8 = -4*w. What are the prime factors of g + (1 - 2)*u?
2
Let g(u) = -11*u. Suppose -5*q - 8 = 2*a, -5*q - a - 12 = -3. What are the prime factors of g(q)?
2, 11
Let m(y) = -y**3 + 6*y**2 + 9*y. What are the prime factors of m(7)?
2, 7
Let d(o) = 13*o - 3. Let z be d(-6). Let x be z/12*(-16)/6. Let h = 26 - x. What are the prime factors of h?
2
Let g = 81 - 46. Suppose -2*s + q = g, 2*s + 0*s - 5*q = -55. What are the prime factors of 4 + -3 - 0 - s?
2
Suppose -2*z - 5*o = -39, z = 5*z - 3*o - 117. List the prime factors of z.
3
Let v = -3 + 5. Let h be v/((-2)/17) + 1. Let p = h + 25. List the prime factors of p.
3
Let f = -16 + 27. Let c(x) = x**3 - 10*x**2 - 9*x - 2. What are the prime factors of c(f)?
2, 5
Let o = 10 - 7. Let b = o + -1. List the prime factors of b.
2
Let q = 5 + -18. Let a(c) = c**3 + 13*c**2 - 3*c + 9. List the prime factors of a(q).
2, 3
Let a = 25 + -13. Suppose 4*z - a = -0*z. Suppose 0 = -c - 0*j - 5*j - 5, -5*c - z*j + 41 = 0. What are the prime factors of c?
